{"id":6004,"date":"2024-04-18T12:33:21","date_gmt":"2024-04-18T05:33:21","guid":{"rendered":"https:\/\/phukienmattroi.com\/?post_type=product&#038;p=6004"},"modified":"2025-05-08T14:56:25","modified_gmt":"2025-05-08T07:56:25","slug":"den-duong-nang-luong-mat-troi-jindian-200w-jd-z200","status":"publish","type":"product","link":"https:\/\/phukienmattroi.com\/index.php\/product\/den-duong-nang-luong-mat-troi-jindian-200w-jd-z200\/","title":{"rendered":"\u0110\u00e8n \u0111\u01b0\u1eddng n\u0103ng l\u01b0\u1ee3ng m\u1eb7t tr\u1eddi Jindian 200W JD-Z200"},"content":{"rendered":"<h2 data-sourcepos=\"1:1-1:82\"><strong>\u0110\u00e8n \u0111\u01b0\u1eddng n\u0103ng l\u01b0\u1ee3ng m\u1eb7t tr\u1eddi Jindian 200W JD-Z200!<\/strong><\/h2>\n<p data-sourcepos=\"3:1-3:278\">B\u1ea1n \u0111ang t\u00ecm ki\u1ebfm gi\u1ea3i ph\u00e1p chi\u1ebfu s\u00e1ng ti\u1ebft ki\u1ec7m. Hi\u1ec7u qu\u1ea3 v\u00e0 th\u00e2n thi\u1ec7n v\u1edbi m\u00f4i tr\u01b0\u1eddng cho \u0111\u01b0\u1eddng ph\u1ed1, khu v\u01b0\u1eddn ho\u1eb7c khu c\u00f4ng nghi\u1ec7p c\u1ee7a m\u00ecnh? H\u00e3y \u0111\u1ebfn v\u1edbi <strong>\u0110\u00e8n \u0111\u01b0\u1eddng n\u0103ng l\u01b0\u1ee3ng m\u1eb7t tr\u1eddi Jindian 200W JD-Z200.<\/strong> S\u1ef1 l\u1ef1a ch\u1ecdn ho\u00e0n h\u1ea3o cho m\u1ecdi nhu c\u1ea7u chi\u1ebfu s\u00e1ng ngo\u00e0i tr\u1eddi c\u1ee7a b\u1ea1n!<\/p>\n<p data-sourcepos=\"3:1-3:278\"><img fetchpriority=\"high\" decoding=\"async\" class=\"alignnone size-full wp-image-6005\" src=\"https:\/\/phukienmattroi.com\/wp-content\/uploads\/2024\/04\/Den_duong_nang_luong_mat_troi_200W_jd-z200.jpg\" alt=\"\" width=\"600\" height=\"600\" srcset=\"https:\/\/phukienmattroi.com\/wp-content\/uploads\/2024\/04\/Den_duong_nang_luong_mat_troi_200W_jd-z200.jpg 600w, https:\/\/phukienmattroi.com\/wp-content\/uploads\/2024\/04\/Den_duong_nang_luong_mat_troi_200W_jd-z200-300x300.jpg 300w, https:\/\/phukienmattroi.com\/wp-content\/uploads\/2024\/04\/Den_duong_nang_luong_mat_troi_200W_jd-z200-150x150.jpg 150w, https:\/\/phukienmattroi.com\/wp-content\/uploads\/2024\/04\/Den_duong_nang_luong_mat_troi_200W_jd-z200-100x100.jpg 100w\" sizes=\"(max-width: 600px) 100vw, 600px\" \/><\/p>\n<h2 data-sourcepos=\"3:1-3:278\"><strong>Th\u00f4ng s\u1ed1 k\u1ef9 thu\u1eadt:<\/strong><\/h2>\n<table class=\"list-unstyled font-size-sm table table-bordered\" style=\"height: 724px;\" width=\"663\">\n<tbody>\n<tr>\n<td class=\"text-heading font-weight-medium\"><strong>Th\u00f4ng s\u00f4\u0301 \u0111e\u0300n<\/strong><\/td>\n<td><\/td>\n<\/tr>\n<tr>\n<td class=\"text-heading font-weight-medium\">C\u00f4ng su\u00e2\u0301t<\/td>\n<td>200W<\/td>\n<\/tr>\n<tr>\n<td class=\"text-heading font-weight-medium\">Ki\u0301ch th\u01b0\u01a1\u0301c \u0111e\u0300n<\/td>\n<td>615*247*95mm<\/td>\n<\/tr>\n<tr>\n<td class=\"text-heading font-weight-medium\">V\u00e2\u0323t li\u00ea\u0323u<\/td>\n<td>H\u01a1\u0323p kim nh\u00f4m nguy\u00ean kh\u00f4\u0301i<\/td>\n<\/tr>\n<tr>\n<td class=\"text-heading font-weight-medium\">C\u00e2\u0301p \u0111\u00f4\u0323 ba\u0309o v\u00ea\u0323<\/td>\n<td>IP65<\/td>\n<\/tr>\n<tr>\n<td class=\"text-heading font-weight-medium\"><strong>Ngu\u00f4\u0300n sa\u0301ng<\/strong><\/td>\n<td><\/td>\n<\/tr>\n<tr>\n<td class=\"text-heading font-weight-medium\">Chi\u0301p LED<\/td>\n<td>168 Leds SMD5730<\/td>\n<\/tr>\n<tr>\n<td class=\"text-heading font-weight-medium\">Tu\u00f4\u0309i tho\u0323 LED<\/td>\n<td>50.000 gi\u01a1\u0300<\/td>\n<\/tr>\n<tr>\n<td class=\"text-heading font-weight-medium\">Th\u00e2\u0301u ki\u0301nh<\/td>\n<td>Co\u0301<\/td>\n<\/tr>\n<tr>\n<td class=\"text-heading font-weight-medium\"><strong>T\u00e2\u0301m n\u0103ng l\u01b0\u01a1\u0323ng m\u0103\u0323t tr\u01a1\u0300i<\/strong><\/td>\n<td><\/td>\n<\/tr>\n<tr>\n<td class=\"text-heading font-weight-medium\">C\u00f4ng ngh\u00ea\u0323<\/td>\n<td>Polycrystalline<\/td>\n<\/tr>\n<tr>\n<td class=\"text-heading font-weight-medium\">C\u00f4ng su\u00e2\u0301t<\/td>\n<td>60W<\/td>\n<\/tr>\n<tr>\n<td class=\"text-heading font-weight-medium\">\u0110i\u00ea\u0323n a\u0301p<\/td>\n<td>6V<\/td>\n<\/tr>\n<tr>\n<td class=\"text-heading font-weight-medium\">Ki\u0301ch th\u01b0\u01a1\u0301c<\/td>\n<td>670*640*25mm<\/td>\n<\/tr>\n<tr>\n<td class=\"text-heading font-weight-medium\"><strong>Pin l\u01b0u tr\u01b0\u0303<\/strong><\/td>\n<td><\/td>\n<\/tr>\n<tr>\n<td class=\"text-heading font-weight-medium\">C\u00f4ng ngh\u00ea\u0323<\/td>\n<td>Li-ion<\/td>\n<\/tr>\n<tr>\n<td class=\"text-heading font-weight-medium\">Dung l\u01b0\u01a1\u0323ng<\/td>\n<td>72.000mAh<\/td>\n<\/tr>\n<tr>\n<td class=\"text-heading font-weight-medium\">\u0110i\u00ea\u0323p a\u0301p<\/td>\n<td>3.2V<\/td>\n<\/tr>\n<tr>\n<td class=\"text-heading font-weight-medium\"><strong>Th\u00f4ng tin kha\u0301c<\/strong><\/td>\n<td><\/td>\n<\/tr>\n<tr>\n<td class=\"text-heading font-weight-medium\">Th\u01b0\u01a1ng hi\u00ea\u0323u<\/td>\n<td>Jindian<\/td>\n<\/tr>\n<tr>\n<td class=\"text-heading font-weight-medium\">Ba\u0309o ha\u0300nh<\/td>\n<td>2 n\u0103m<\/td>\n<\/tr>\n<tr>\n<td class=\"text-heading font-weight-medium\">Th\u01a1\u0300i gian sa\u0323c<\/td>\n<td>5-6 gi\u01a1\u0300\/nga\u0300y<\/td>\n<\/tr>\n<tr>\n<td class=\"text-heading font-weight-medium\">Th\u01a1\u0300i gian sa\u0301ng<\/td>\n<td>2 nga\u0300y m\u01b0a<\/td>\n<\/tr>\n<tr>\n<td class=\"text-heading font-weight-medium\">Ch\u01b0\u0301c n\u0103ng<\/td>\n<td>Ca\u0309m bi\u00ea\u0301n a\u0301nh sa\u0301ng, Remote \u0111i\u00ea\u0300u khi\u00ea\u0309n<\/td>\n<\/tr>\n<tr>\n<td class=\"text-heading font-weight-medium\">Ch\u00ea\u0301 \u0111\u00f4\u0323 Dimming<\/td>\n<td>T\u01b0\u0323 \u0111\u00f4\u0323ng<\/td>\n<\/tr>\n<\/tbody>\n<\/table>\n<h2 data-sourcepos=\"5:1-5:20\"><\/h2>\n<h2 data-sourcepos=\"5:1-5:20\"><strong>\u01afu \u0111i\u1ec3m n\u1ed5i b\u1eadt:<\/strong><\/h2>\n<ul data-sourcepos=\"7:1-12:0\">\n<li data-sourcepos=\"7:1-7:136\"><strong>Ti\u1ebft ki\u1ec7m n\u0103ng l\u01b0\u1ee3ng:<\/strong> Ho\u1ea1t \u0111\u1ed9ng ho\u00e0n to\u00e0n b\u1eb1ng n\u0103ng l\u01b0\u1ee3ng m\u1eb7t tr\u1eddi. JD-Z200 gi\u00fap b\u1ea1n ti\u1ebft ki\u1ec7m chi ph\u00ed \u0111i\u1ec7n n\u0103ng m\u1ed9t c\u00e1ch \u0111\u00e1ng k\u1ec3.<\/li>\n<li data-sourcepos=\"8:1-8:140\"><strong>Hi\u1ec7u qu\u1ea3 chi\u1ebfu s\u00e1ng cao:<\/strong> Cung c\u1ea5p \u0111\u1ed9 s\u00e1ng 200W m\u1ea1nh m\u1ebd. JD-Z200 \u0111\u1ea3m b\u1ea3o khu v\u1ef1c c\u1ee7a b\u1ea1n \u0111\u01b0\u1ee3c chi\u1ebfu s\u00e1ng \u0111\u1ea7y \u0111\u1ee7 v\u00e0 an to\u00e0n v\u00e0o ban \u0111\u00eam.<\/li>\n<li data-sourcepos=\"9:1-9:133\"><strong>Tu\u1ed5i th\u1ecd d\u00e0i:<\/strong> \u0110\u01b0\u1ee3c l\u00e0m t\u1eeb v\u1eadt li\u1ec7u cao c\u1ea5p. JD-Z200 c\u00f3 kh\u1ea3 n\u0103ng ch\u1ed1ng ch\u1ecbu th\u1eddi ti\u1ebft kh\u1eafc nghi\u1ec7t v\u00e0 c\u00f3 tu\u1ed5i th\u1ecd l\u00ean \u0111\u1ebfn 15 n\u0103m.<\/li>\n<li data-sourcepos=\"10:1-10:133\"><strong>D\u1ec5 d\u00e0ng l\u1eafp \u0111\u1eb7t v\u00e0 s\u1eed d\u1ee5ng:<\/strong> JD-Z200 kh\u00f4ng y\u00eau c\u1ea7u k\u1ebft n\u1ed1i v\u1edbi ngu\u1ed3n \u0111i\u1ec7n l\u01b0\u1edbi. gi\u00fap b\u1ea1n ti\u1ebft ki\u1ec7m th\u1eddi gian v\u00e0 chi ph\u00ed l\u1eafp \u0111\u1eb7t.<\/li>\n<li data-sourcepos=\"11:1-12:0\"><strong>Th\u00e2n thi\u1ec7n v\u1edbi m\u00f4i tr\u01b0\u1eddng:<\/strong>\u00a0JD-Z200 g\u00f3p ph\u1ea7n gi\u1ea3m thi\u1ec3u kh\u00ed th\u1ea3i nh\u00e0 k\u00ednh v\u00e0 b\u1ea3o v\u1ec7 m\u00f4i tr\u01b0\u1eddng s\u1ed1ng c\u1ee7a ch\u00fang ta.<\/li>\n<\/ul>\n<p><img decoding=\"async\" src=\"https:\/\/bizweb.dktcdn.net\/thumb\/1024x1024\/100\/352\/498\/products\/z2116917518343-9945b9850065601feaf55fee7be8161e.jpg?v=1602493902823\" \/><\/p>\n<h3 data-sourcepos=\"13:1-13:24\"><strong>T\u00ednh n\u0103ng v\u01b0\u1ee3t tr\u1ed9i:<\/strong><\/h3>\n<ul data-sourcepos=\"15:1-19:0\">\n<li data-sourcepos=\"15:1-15:167\"><strong>T\u1ea5m pin n\u0103ng l\u01b0\u1ee3ng m\u1eb7t tr\u1eddi polycrystalline hi\u1ec7u su\u1ea5t cao:<\/strong> Chuy\u1ec3n \u0111\u1ed5i n\u0103ng l\u01b0\u1ee3ng m\u1eb7t tr\u1eddi th\u00e0nh \u0111i\u1ec7n n\u0103ng m\u1ed9t c\u00e1ch hi\u1ec7u qu\u1ea3. \u0111\u1ea3m b\u1ea3o th\u1eddi gian ho\u1ea1t \u0111\u1ed9ng l\u00e2u d\u00e0i.<\/li>\n<li data-sourcepos=\"16:1-16:115\"><strong>Pin Lithium-ion dung l\u01b0\u1ee3ng l\u1edbn:<\/strong>\u00a0L\u01b0u tr\u1eef n\u0103ng l\u01b0\u1ee3ng d\u1ef1 ph\u00f2ng \u0111\u1ec3 cung c\u1ea5p \u00e1nh s\u00e1ng trong nh\u1eefng ng\u00e0y thi\u1ebfu n\u1eafng.<\/li>\n<li data-sourcepos=\"17:1-17:108\"><strong>Ch\u1ebf \u0111\u1ed9 \u0111i\u1ec1u khi\u1ec3n th\u00f4ng minh:<\/strong>\u00a0T\u1ef1 \u0111\u1ed9ng b\u1eadt\/t\u1eaft \u0111\u00e8n theo th\u1eddi gian trong ng\u00e0y ho\u1eb7c c\u00e0i \u0111\u1eb7t theo nhu c\u1ea7u.<\/li>\n<li data-sourcepos=\"18:1-19:0\"><strong>Kh\u1ea3 n\u0103ng ch\u1ed1ng n\u01b0\u1edbc v\u00e0 b\u1ee5i b\u1ea9n:<\/strong>\u00a0IP66, \u0111\u1ea3m b\u1ea3o ho\u1ea1t \u0111\u1ed9ng \u1ed5n \u0111\u1ecbnh trong m\u1ecdi \u0111i\u1ec1u ki\u1ec7n th\u1eddi ti\u1ebft.<\/li>\n<\/ul>\n<p><img decoding=\"async\" src=\"https:\/\/bizweb.dktcdn.net\/thumb\/1024x1024\/100\/352\/498\/products\/z2116917518346-0e19165a46eafce72683374b5cb77c1e.jpg?v=1602493904133\" \/><\/p>\n<p><img decoding=\"async\" src=\"https:\/\/bizweb.dktcdn.net\/thumb\/1024x1024\/100\/352\/498\/products\/z2122068504126-aa62b85613cf9c9fa2956167d92b892c.jpg?v=1602493905080\" \/><\/p>\n<p><img decoding=\"async\" src=\"https:\/\/bizweb.dktcdn.net\/thumb\/1024x1024\/100\/352\/498\/products\/z2122068491966-8e290b8b68ac9aa52f466ac5b42b6950.jpg?v=1602493904613\" \/><\/p>\n<p>&nbsp;<\/p>\n<p data-sourcepos=\"20:1-20:80\"><strong>Jindian 200W JD-Z200<\/strong> l\u00e0 l\u1ef1a ch\u1ecdn l\u00fd t\u01b0\u1edfng cho:<\/p>\n<ul data-sourcepos=\"22:1-27:0\">\n<li data-sourcepos=\"22:1-22:23\">\u0110\u01b0\u1eddng ph\u1ed1, khu d\u00e2n c\u01b0<\/li>\n<li data-sourcepos=\"23:1-23:23\">V\u01b0\u1eddn, khu c\u00f4ng nghi\u1ec7p<\/li>\n<li data-sourcepos=\"24:1-24:22\">B\u00e3i \u0111\u1eadu xe, s\u00e2n ch\u01a1i<\/li>\n<li data-sourcepos=\"25:1-25:23\">N\u00f4ng tr\u1ea1i, trang tr\u1ea1i<\/li>\n<li data-sourcepos=\"26:1-27:0\">Khu v\u1ef1c ven bi\u1ec3n, \u0111\u1ea3o xa<\/li>\n<\/ul>\n<p><img decoding=\"async\" src=\"https:\/\/bizweb.dktcdn.net\/thumb\/1024x1024\/100\/352\/498\/products\/z2122068504294-3cc271d5cb3f64bb2f497eeccb5dfe42.jpg?v=1602493906497\" \/><\/p>\n<p data-sourcepos=\"28:1-28:118\"><strong>H\u00e3y \u0111\u1ea7u t\u01b0 cho m\u1ed9t t\u01b0\u01a1ng lai s\u00e1ng v\u00e0 b\u1ec1n v\u1eefng v\u1edbi Jindian 200W JD-Z200 ngay h\u00f4m nay!<\/strong><\/p>\n<p data-sourcepos=\"30:1-30:52\"><strong>Li\u00ean h\u1ec7 ngay \u0111\u1ec3 \u0111\u01b0\u1ee3c t\u01b0 v\u1ea5n v\u00e0 b\u00e1o gi\u00e1 chi ti\u1ebft:<\/strong><\/p>\n<ul data-sourcepos=\"32:1-35:0\">\n<li data-sourcepos=\"32:1-32:151\"><strong>Website:<\/strong> <a href=\"http:\/\/phukienmattroi.com\">phukienmattroi.com<\/a><\/li>\n<li data-sourcepos=\"33:1-33:27\"><strong>Hotline:<\/strong> <a href=\"tel:0933007927\">0933007927<\/a> &#8211; <a href=\"tel:0974046214\">0974046214<\/a><\/li>\n<li data-sourcepos=\"34:1-35:0\"><strong>Email:<\/strong> <a href=\"mailto:cskh@phukienmattroi.com\">cskh@phukienmattroi.com<\/a><\/li>\n<\/ul>\n<p data-sourcepos=\"36:1-36:96\"><strong>\u0110\u00e8n \u0111\u01b0\u1eddng n\u0103ng l\u01b0\u1ee3ng m\u1eb7t tr\u1eddi Jindian 200W JD-Z200 &#8211; Th\u1eafp s\u00e1ng cu\u1ed9c s\u1ed1ng, b\u1ea3o v\u1ec7 m\u00f4i tr\u01b0\u1eddng!<\/strong><\/p>\n","protected":false},"excerpt":{"rendered":"<p>\u0110\u00e8n \u0111\u01b0\u1eddng n\u0103ng l\u01b0\u1ee3ng m\u1eb7t tr\u1eddi Jindian 200W JD-Z200! B\u1ea1n \u0111ang t\u00ecm ki\u1ebfm gi\u1ea3i ph\u00e1p chi\u1ebfu s\u00e1ng ti\u1ebft ki\u1ec7m. Hi\u1ec7u qu\u1ea3 v\u00e0 th\u00e2n thi\u1ec7n v\u1edbi m\u00f4i tr\u01b0\u1eddng cho \u0111\u01b0\u1eddng ph\u1ed1,<\/p>\n","protected":false},"featured_media":6005,"comment_status":"open","ping_status":"closed","template":"","meta":[],"product_brand":[],"product_cat":[27],"product_tag":[],"class_list":{"0":"post-6004","1":"product","2":"type-product","3":"status-publish","4":"has-post-thumbnail","6":"product_cat-den-duong","8":"first","9":"instock","10":"sale","11":"taxable","12":"shipping-taxable","13":"purchasable","14":"product-type-simple"},"yoast_head":"<!-- This site is optimized with the Yoast SEO Premium plugin v22.6 (Yoast SEO v27.3) - https:\/\/yoast.com\/product\/yoast-seo-premium-wordpress\/ -->\n<title>\u0110\u00e8n \u0111\u01b0\u1eddng n\u0103ng l\u01b0\u1ee3ng m\u1eb7t tr\u1eddi Jindian 200W JD-Z200 - Ph\u1ee5 Ki\u1ec7n M\u1eb7t Tr\u1eddi<\/title>\n<meta name=\"description\" content=\"B\u1ea1n \u0111ang t\u00ecm ki\u1ebfm gi\u1ea3i ph\u00e1p chi\u1ebfu s\u00e1ng ti\u1ebft ki\u1ec7m. Hi\u1ec7u qu\u1ea3 v\u00e0 th\u00e2n thi\u1ec7n v\u1edbi m\u00f4i tr\u01b0\u1eddng cho \u0111\u01b0\u1eddng ph\u1ed1, khu v\u01b0\u1eddn ho\u1eb7c khu c\u00f4ng nghi\u1ec7p c\u1ee7a m\u00ecnh? H\u00e3y \u0111\u1ebfn v\u1edbi\" \/>\n<meta name=\"robots\" content=\"index, follow, max-snippet:-1, max-image-preview:large, max-video-preview:-1\" \/>\n<link rel=\"canonical\" href=\"https:\/\/phukienmattroi.com\/index.php\/product\/den-duong-nang-luong-mat-troi-jindian-200w-jd-z200\/\" \/>\n<meta property=\"og:locale\" content=\"vi_VN\" \/>\n<meta property=\"og:type\" content=\"article\" \/>\n<meta property=\"og:title\" content=\"\u0110\u00e8n \u0111\u01b0\u1eddng n\u0103ng l\u01b0\u1ee3ng m\u1eb7t tr\u1eddi Jindian 200W JD-Z200\" \/>\n<meta property=\"og:description\" content=\"B\u1ea1n \u0111ang t\u00ecm ki\u1ebfm gi\u1ea3i ph\u00e1p chi\u1ebfu s\u00e1ng ti\u1ebft ki\u1ec7m. Hi\u1ec7u qu\u1ea3 v\u00e0 th\u00e2n thi\u1ec7n v\u1edbi m\u00f4i tr\u01b0\u1eddng cho \u0111\u01b0\u1eddng ph\u1ed1, khu v\u01b0\u1eddn ho\u1eb7c khu c\u00f4ng nghi\u1ec7p c\u1ee7a m\u00ecnh? H\u00e3y \u0111\u1ebfn v\u1edbi\" \/>\n<meta property=\"og:url\" content=\"https:\/\/phukienmattroi.com\/index.php\/product\/den-duong-nang-luong-mat-troi-jindian-200w-jd-z200\/\" \/>\n<meta property=\"og:site_name\" content=\"Ph\u1ee5 Ki\u1ec7n M\u1eb7t Tr\u1eddi\" \/>\n<meta property=\"article:publisher\" content=\"https:\/\/www.facebook.com\/phukienmattroisolar\" \/>\n<meta property=\"article:modified_time\" content=\"2025-05-08T07:56:25+00:00\" \/>\n<meta property=\"og:image\" content=\"https:\/\/phukienmattroi.com\/wp-content\/uploads\/2024\/04\/Den_duong_nang_luong_mat_troi_200W_jd-z200.jpg\" \/>\n\t<meta property=\"og:image:width\" content=\"600\" \/>\n\t<meta property=\"og:image:height\" content=\"600\" \/>\n\t<meta property=\"og:image:type\" content=\"image\/jpeg\" \/>\n<meta name=\"twitter:card\" content=\"summary_large_image\" \/>\n<meta name=\"twitter:label1\" content=\"Gi\u00e1\" \/>\n\t<meta name=\"twitter:data1\" content=\"1.950.000&nbsp;&#8363;\" \/>\n\t<meta name=\"twitter:label2\" content=\"Kh\u1ea3 d\u1ee5ng\" \/>\n\t<meta name=\"twitter:data2\" content=\"Trong kho\" \/>\n<script type=\"application\/ld+json\" class=\"yoast-schema-graph\">{\"@context\":\"https:\\\/\\\/schema.org\",\"@graph\":[{\"@type\":\"WebPage\",\"@id\":\"https:\\\/\\\/phukienmattroi.com\\\/index.php\\\/product\\\/den-duong-nang-luong-mat-troi-jindian-200w-jd-z200\\\/\",\"url\":\"https:\\\/\\\/phukienmattroi.com\\\/index.php\\\/product\\\/den-duong-nang-luong-mat-troi-jindian-200w-jd-z200\\\/\",\"name\":\"\u0110\u00e8n \u0111\u01b0\u1eddng n\u0103ng l\u01b0\u1ee3ng m\u1eb7t tr\u1eddi Jindian 200W JD-Z200 - Ph\u1ee5 Ki\u1ec7n M\u1eb7t Tr\u1eddi\",\"isPartOf\":{\"@id\":\"https:\\\/\\\/phukienmattroi.com\\\/#website\"},\"primaryImageOfPage\":{\"@id\":\"https:\\\/\\\/phukienmattroi.com\\\/index.php\\\/product\\\/den-duong-nang-luong-mat-troi-jindian-200w-jd-z200\\\/#primaryimage\"},\"image\":{\"@id\":\"https:\\\/\\\/phukienmattroi.com\\\/index.php\\\/product\\\/den-duong-nang-luong-mat-troi-jindian-200w-jd-z200\\\/#primaryimage\"},\"thumbnailUrl\":\"https:\\\/\\\/phukienmattroi.com\\\/wp-content\\\/uploads\\\/2024\\\/04\\\/Den_duong_nang_luong_mat_troi_200W_jd-z200.jpg\",\"datePublished\":\"2024-04-18T05:33:21+00:00\",\"dateModified\":\"2025-05-08T07:56:25+00:00\",\"description\":\"B\u1ea1n \u0111ang t\u00ecm ki\u1ebfm gi\u1ea3i ph\u00e1p chi\u1ebfu s\u00e1ng ti\u1ebft ki\u1ec7m. Hi\u1ec7u qu\u1ea3 v\u00e0 th\u00e2n thi\u1ec7n v\u1edbi m\u00f4i tr\u01b0\u1eddng cho \u0111\u01b0\u1eddng ph\u1ed1, khu v\u01b0\u1eddn ho\u1eb7c khu c\u00f4ng nghi\u1ec7p c\u1ee7a m\u00ecnh? H\u00e3y \u0111\u1ebfn v\u1edbi\",\"breadcrumb\":{\"@id\":\"https:\\\/\\\/phukienmattroi.com\\\/index.php\\\/product\\\/den-duong-nang-luong-mat-troi-jindian-200w-jd-z200\\\/#breadcrumb\"},\"inLanguage\":\"vi\",\"potentialAction\":[{\"@type\":\"ReadAction\",\"target\":[\"https:\\\/\\\/phukienmattroi.com\\\/index.php\\\/product\\\/den-duong-nang-luong-mat-troi-jindian-200w-jd-z200\\\/\"]}]},{\"@type\":\"ImageObject\",\"inLanguage\":\"vi\",\"@id\":\"https:\\\/\\\/phukienmattroi.com\\\/index.php\\\/product\\\/den-duong-nang-luong-mat-troi-jindian-200w-jd-z200\\\/#primaryimage\",\"url\":\"https:\\\/\\\/phukienmattroi.com\\\/wp-content\\\/uploads\\\/2024\\\/04\\\/Den_duong_nang_luong_mat_troi_200W_jd-z200.jpg\",\"contentUrl\":\"https:\\\/\\\/phukienmattroi.com\\\/wp-content\\\/uploads\\\/2024\\\/04\\\/Den_duong_nang_luong_mat_troi_200W_jd-z200.jpg\",\"width\":600,\"height\":600},{\"@type\":\"BreadcrumbList\",\"@id\":\"https:\\\/\\\/phukienmattroi.com\\\/index.php\\\/product\\\/den-duong-nang-luong-mat-troi-jindian-200w-jd-z200\\\/#breadcrumb\",\"itemListElement\":[{\"@type\":\"ListItem\",\"position\":1,\"name\":\"Trang ch\u1ee7\",\"item\":\"https:\\\/\\\/phukienmattroi.com\\\/\"},{\"@type\":\"ListItem\",\"position\":2,\"name\":\"S\u1ea3n ph\u1ea9m\",\"item\":\"https:\\\/\\\/phukienmattroi.com\\\/index.php\\\/shop\\\/\"},{\"@type\":\"ListItem\",\"position\":3,\"name\":\"\u0110\u00e8n \u0111\u01b0\u1eddng n\u0103ng l\u01b0\u1ee3ng m\u1eb7t tr\u1eddi Jindian 200W JD-Z200\"}]},{\"@type\":\"WebSite\",\"@id\":\"https:\\\/\\\/phukienmattroi.com\\\/#website\",\"url\":\"https:\\\/\\\/phukienmattroi.com\\\/\",\"name\":\"Ph\u1ee5 Ki\u1ec7n M\u1eb7t Tr\u1eddi\",\"description\":\"Ph\u1ee5 Ki\u1ec7n M\u1eb7t Tr\u1eddi\",\"publisher\":{\"@id\":\"https:\\\/\\\/phukienmattroi.com\\\/#organization\"},\"potentialAction\":[{\"@type\":\"SearchAction\",\"target\":{\"@type\":\"EntryPoint\",\"urlTemplate\":\"https:\\\/\\\/phukienmattroi.com\\\/?s={search_term_string}\"},\"query-input\":{\"@type\":\"PropertyValueSpecification\",\"valueRequired\":true,\"valueName\":\"search_term_string\"}}],\"inLanguage\":\"vi\"},{\"@type\":\"Organization\",\"@id\":\"https:\\\/\\\/phukienmattroi.com\\\/#organization\",\"name\":\"Ph\u1ee5 Ki\u1ec7n M\u1eb7t Tr\u1eddi\",\"url\":\"https:\\\/\\\/phukienmattroi.com\\\/\",\"logo\":{\"@type\":\"ImageObject\",\"inLanguage\":\"vi\",\"@id\":\"https:\\\/\\\/phukienmattroi.com\\\/#\\\/schema\\\/logo\\\/image\\\/\",\"url\":\"https:\\\/\\\/phukienmattroi.com\\\/wp-content\\\/uploads\\\/2024\\\/03\\\/TBMT-logo3-1.png\",\"contentUrl\":\"https:\\\/\\\/phukienmattroi.com\\\/wp-content\\\/uploads\\\/2024\\\/03\\\/TBMT-logo3-1.png\",\"width\":3946,\"height\":1403,\"caption\":\"Ph\u1ee5 Ki\u1ec7n M\u1eb7t Tr\u1eddi\"},\"image\":{\"@id\":\"https:\\\/\\\/phukienmattroi.com\\\/#\\\/schema\\\/logo\\\/image\\\/\"},\"sameAs\":[\"https:\\\/\\\/www.facebook.com\\\/phukienmattroisolar\"]}]}<\/script>\n<meta property=\"product:price:amount\" content=\"1950000\" \/>\n<meta property=\"product:price:currency\" content=\"VND\" \/>\n<meta property=\"og:availability\" content=\"instock\" \/>\n<meta property=\"product:availability\" content=\"instock\" \/>\n<meta property=\"product:retailer_item_id\" content=\"JD-Z200\" \/>\n<meta property=\"product:condition\" content=\"new\" \/>\n<!-- \/ Yoast SEO Premium plugin. -->","yoast_head_json":{"title":"\u0110\u00e8n \u0111\u01b0\u1eddng n\u0103ng l\u01b0\u1ee3ng m\u1eb7t tr\u1eddi Jindian 200W JD-Z200 - Ph\u1ee5 Ki\u1ec7n M\u1eb7t Tr\u1eddi","description":"B\u1ea1n \u0111ang t\u00ecm ki\u1ebfm gi\u1ea3i ph\u00e1p chi\u1ebfu s\u00e1ng ti\u1ebft ki\u1ec7m. Hi\u1ec7u qu\u1ea3 v\u00e0 th\u00e2n thi\u1ec7n v\u1edbi m\u00f4i tr\u01b0\u1eddng cho \u0111\u01b0\u1eddng ph\u1ed1, khu v\u01b0\u1eddn ho\u1eb7c khu c\u00f4ng nghi\u1ec7p c\u1ee7a m\u00ecnh? H\u00e3y \u0111\u1ebfn v\u1edbi","robots":{"index":"index","follow":"follow","max-snippet":"max-snippet:-1","max-image-preview":"max-image-preview:large","max-video-preview":"max-video-preview:-1"},"canonical":"https:\/\/phukienmattroi.com\/index.php\/product\/den-duong-nang-luong-mat-troi-jindian-200w-jd-z200\/","og_locale":"vi_VN","og_type":"article","og_title":"\u0110\u00e8n \u0111\u01b0\u1eddng n\u0103ng l\u01b0\u1ee3ng m\u1eb7t tr\u1eddi Jindian 200W JD-Z200","og_description":"B\u1ea1n \u0111ang t\u00ecm ki\u1ebfm gi\u1ea3i ph\u00e1p chi\u1ebfu s\u00e1ng ti\u1ebft ki\u1ec7m. Hi\u1ec7u qu\u1ea3 v\u00e0 th\u00e2n thi\u1ec7n v\u1edbi m\u00f4i tr\u01b0\u1eddng cho \u0111\u01b0\u1eddng ph\u1ed1, khu v\u01b0\u1eddn ho\u1eb7c khu c\u00f4ng nghi\u1ec7p c\u1ee7a m\u00ecnh? H\u00e3y \u0111\u1ebfn v\u1edbi","og_url":"https:\/\/phukienmattroi.com\/index.php\/product\/den-duong-nang-luong-mat-troi-jindian-200w-jd-z200\/","og_site_name":"Ph\u1ee5 Ki\u1ec7n M\u1eb7t Tr\u1eddi","article_publisher":"https:\/\/www.facebook.com\/phukienmattroisolar","article_modified_time":"2025-05-08T07:56:25+00:00","og_image":[{"width":600,"height":600,"url":"https:\/\/phukienmattroi.com\/wp-content\/uploads\/2024\/04\/Den_duong_nang_luong_mat_troi_200W_jd-z200.jpg","type":"image\/jpeg"}],"twitter_card":"summary_large_image","twitter_misc":{"Gi\u00e1":"1.950.000&nbsp;&#8363;","Kh\u1ea3 d\u1ee5ng":"Trong kho"},"schema":{"@context":"https:\/\/schema.org","@graph":[{"@type":"WebPage","@id":"https:\/\/phukienmattroi.com\/index.php\/product\/den-duong-nang-luong-mat-troi-jindian-200w-jd-z200\/","url":"https:\/\/phukienmattroi.com\/index.php\/product\/den-duong-nang-luong-mat-troi-jindian-200w-jd-z200\/","name":"\u0110\u00e8n \u0111\u01b0\u1eddng n\u0103ng l\u01b0\u1ee3ng m\u1eb7t tr\u1eddi Jindian 200W JD-Z200 - Ph\u1ee5 Ki\u1ec7n M\u1eb7t Tr\u1eddi","isPartOf":{"@id":"https:\/\/phukienmattroi.com\/#website"},"primaryImageOfPage":{"@id":"https:\/\/phukienmattroi.com\/index.php\/product\/den-duong-nang-luong-mat-troi-jindian-200w-jd-z200\/#primaryimage"},"image":{"@id":"https:\/\/phukienmattroi.com\/index.php\/product\/den-duong-nang-luong-mat-troi-jindian-200w-jd-z200\/#primaryimage"},"thumbnailUrl":"https:\/\/phukienmattroi.com\/wp-content\/uploads\/2024\/04\/Den_duong_nang_luong_mat_troi_200W_jd-z200.jpg","datePublished":"2024-04-18T05:33:21+00:00","dateModified":"2025-05-08T07:56:25+00:00","description":"B\u1ea1n \u0111ang t\u00ecm ki\u1ebfm gi\u1ea3i ph\u00e1p chi\u1ebfu s\u00e1ng ti\u1ebft ki\u1ec7m. Hi\u1ec7u qu\u1ea3 v\u00e0 th\u00e2n thi\u1ec7n v\u1edbi m\u00f4i tr\u01b0\u1eddng cho \u0111\u01b0\u1eddng ph\u1ed1, khu v\u01b0\u1eddn ho\u1eb7c khu c\u00f4ng nghi\u1ec7p c\u1ee7a m\u00ecnh? H\u00e3y \u0111\u1ebfn v\u1edbi","breadcrumb":{"@id":"https:\/\/phukienmattroi.com\/index.php\/product\/den-duong-nang-luong-mat-troi-jindian-200w-jd-z200\/#breadcrumb"},"inLanguage":"vi","potentialAction":[{"@type":"ReadAction","target":["https:\/\/phukienmattroi.com\/index.php\/product\/den-duong-nang-luong-mat-troi-jindian-200w-jd-z200\/"]}]},{"@type":"ImageObject","inLanguage":"vi","@id":"https:\/\/phukienmattroi.com\/index.php\/product\/den-duong-nang-luong-mat-troi-jindian-200w-jd-z200\/#primaryimage","url":"https:\/\/phukienmattroi.com\/wp-content\/uploads\/2024\/04\/Den_duong_nang_luong_mat_troi_200W_jd-z200.jpg","contentUrl":"https:\/\/phukienmattroi.com\/wp-content\/uploads\/2024\/04\/Den_duong_nang_luong_mat_troi_200W_jd-z200.jpg","width":600,"height":600},{"@type":"BreadcrumbList","@id":"https:\/\/phukienmattroi.com\/index.php\/product\/den-duong-nang-luong-mat-troi-jindian-200w-jd-z200\/#breadcrumb","itemListElement":[{"@type":"ListItem","position":1,"name":"Trang ch\u1ee7","item":"https:\/\/phukienmattroi.com\/"},{"@type":"ListItem","position":2,"name":"S\u1ea3n ph\u1ea9m","item":"https:\/\/phukienmattroi.com\/index.php\/shop\/"},{"@type":"ListItem","position":3,"name":"\u0110\u00e8n \u0111\u01b0\u1eddng n\u0103ng l\u01b0\u1ee3ng m\u1eb7t tr\u1eddi Jindian 200W JD-Z200"}]},{"@type":"WebSite","@id":"https:\/\/phukienmattroi.com\/#website","url":"https:\/\/phukienmattroi.com\/","name":"Ph\u1ee5 Ki\u1ec7n M\u1eb7t Tr\u1eddi","description":"Ph\u1ee5 Ki\u1ec7n M\u1eb7t Tr\u1eddi","publisher":{"@id":"https:\/\/phukienmattroi.com\/#organization"},"potentialAction":[{"@type":"SearchAction","target":{"@type":"EntryPoint","urlTemplate":"https:\/\/phukienmattroi.com\/?s={search_term_string}"},"query-input":{"@type":"PropertyValueSpecification","valueRequired":true,"valueName":"search_term_string"}}],"inLanguage":"vi"},{"@type":"Organization","@id":"https:\/\/phukienmattroi.com\/#organization","name":"Ph\u1ee5 Ki\u1ec7n M\u1eb7t Tr\u1eddi","url":"https:\/\/phukienmattroi.com\/","logo":{"@type":"ImageObject","inLanguage":"vi","@id":"https:\/\/phukienmattroi.com\/#\/schema\/logo\/image\/","url":"https:\/\/phukienmattroi.com\/wp-content\/uploads\/2024\/03\/TBMT-logo3-1.png","contentUrl":"https:\/\/phukienmattroi.com\/wp-content\/uploads\/2024\/03\/TBMT-logo3-1.png","width":3946,"height":1403,"caption":"Ph\u1ee5 Ki\u1ec7n M\u1eb7t Tr\u1eddi"},"image":{"@id":"https:\/\/phukienmattroi.com\/#\/schema\/logo\/image\/"},"sameAs":["https:\/\/www.facebook.com\/phukienmattroisolar"]}]},"product_price_amount":"1950000","product_price_currency":"VND","og_availability":"instock","product_availability":"instock","product_retailer_item_id":"JD-Z200","product_condition":"new"},"jetpack_sharing_enabled":true,"_links":{"self":[{"href":"https:\/\/phukienmattroi.com\/index.php\/wp-json\/wp\/v2\/product\/6004","targetHints":{"allow":["GET"]}}],"collection":[{"href":"https:\/\/phukienmattroi.com\/index.php\/wp-json\/wp\/v2\/product"}],"about":[{"href":"https:\/\/phukienmattroi.com\/index.php\/wp-json\/wp\/v2\/types\/product"}],"replies":[{"embeddable":true,"href":"https:\/\/phukienmattroi.com\/index.php\/wp-json\/wp\/v2\/comments?post=6004"}],"wp:featuredmedia":[{"embeddable":true,"href":"https:\/\/phukienmattroi.com\/index.php\/wp-json\/wp\/v2\/media\/6005"}],"wp:attachment":[{"href":"https:\/\/phukienmattroi.com\/index.php\/wp-json\/wp\/v2\/media?parent=6004"}],"wp:term":[{"taxonomy":"product_brand","embeddable":true,"href":"https:\/\/phukienmattroi.com\/index.php\/wp-json\/wp\/v2\/product_brand?post=6004"},{"taxonomy":"product_cat","embeddable":true,"href":"https:\/\/phukienmattroi.com\/index.php\/wp-json\/wp\/v2\/product_cat?post=6004"},{"taxonomy":"product_tag","embeddable":true,"href":"https:\/\/phukienmattroi.com\/index.php\/wp-json\/wp\/v2\/product_tag?post=6004"}],"curies":[{"name":"wp","href":"https:\/\/api.w.org\/{rel}","templated":true}]}}