{"id":5897,"date":"2024-04-02T22:22:13","date_gmt":"2024-04-02T15:22:13","guid":{"rendered":"https:\/\/phukienmattroi.com\/?post_type=product&#038;p=5897"},"modified":"2024-04-02T23:11:26","modified_gmt":"2024-04-02T16:11:26","slug":"day-led-nang-luong-mat-troi-hinh-giot-nuoc-ld05","status":"publish","type":"product","link":"https:\/\/phukienmattroi.com\/index.php\/product\/day-led-nang-luong-mat-troi-hinh-giot-nuoc-ld05\/","title":{"rendered":"D\u00e2y LED n\u0103ng l\u01b0\u1ee3ng m\u1eb7t tr\u1eddi h\u00ecnh gi\u1ecdt n\u01b0\u1edbc LD05"},"content":{"rendered":"<h2 data-sourcepos=\"1:1-1:102\">D\u00e2y LED n\u0103ng l\u01b0\u1ee3ng m\u1eb7t tr\u1eddi h\u00ecnh gi\u1ecdt n\u01b0\u1edbc LD05 &#8211; Mang \u0111\u1ebfn v\u1ebb \u0111\u1eb9p lung linh cho kh\u00f4ng gian c\u1ee7a b\u1ea1n!<\/h2>\n<p data-sourcepos=\"3:1-3:197\"><strong>D\u00e2y LED n\u0103ng l\u01b0\u1ee3ng m\u1eb7t tr\u1eddi h\u00ecnh gi\u1ecdt n\u01b0\u1edbc LD05<\/strong> l\u00e0 s\u1ea3n ph\u1ea9m trang tr\u00ed \u0111\u1ed9c \u0111\u00e1o. S\u1eed d\u1ee5ng n\u0103ng l\u01b0\u1ee3ng m\u1eb7t tr\u1eddi th\u00e2n thi\u1ec7n v\u1edbi m\u00f4i tr\u01b0\u1eddng, Gi\u00fap b\u1ea1n t\u00f4 \u0111i\u1ec3m cho kh\u00f4ng gian th\u00eam lung linh v\u00e0 huy\u1ec1n \u1ea3o.<\/p>\n<p data-sourcepos=\"5:1-5:21\"><strong>\u0110\u1eb7c \u0111i\u1ec3m n\u1ed5i b\u1eadt:<\/strong><\/p>\n<ul data-sourcepos=\"7:1-13:0\">\n<li data-sourcepos=\"7:1-7:104\"><strong>Thi\u1ebft k\u1ebf \u0111\u1ed9c \u0111\u00e1o:<\/strong>\u00a0D\u00e2y LED v\u1edbi c\u00e1c b\u00f3ng LED h\u00ecnh gi\u1ecdt n\u01b0\u1edbc l\u1ea5p l\u00e1nh, t\u1ea1o hi\u1ec7u \u1ee9ng \u00e1nh s\u00e1ng \u0111\u1eb9p m\u1eaft.<\/li>\n<li data-sourcepos=\"8:1-8:108\"><strong>N\u0103ng l\u01b0\u1ee3ng m\u1eb7t tr\u1eddi:<\/strong>\u00a0S\u1eed d\u1ee5ng n\u0103ng l\u01b0\u1ee3ng m\u1eb7t tr\u1eddi \u0111\u1ec3 s\u1ea1c pin, ti\u1ebft ki\u1ec7m \u0111i\u1ec7n n\u0103ng v\u00e0 b\u1ea3o v\u1ec7 m\u00f4i tr\u01b0\u1eddng.<\/li>\n<li data-sourcepos=\"9:1-9:85\"><strong>Ch\u1ed1ng n\u01b0\u1edbc:<\/strong>\u00a0C\u1ea5p \u0111\u1ed9 ch\u1ed1ng n\u01b0\u1edbc IP65, ph\u00f9 h\u1ee3p s\u1eed d\u1ee5ng c\u1ea3 trong nh\u00e0 v\u00e0 ngo\u00e0i tr\u1eddi.<\/li>\n<li data-sourcepos=\"10:1-10:72\"><strong>D\u1ec5 d\u00e0ng s\u1eed d\u1ee5ng:<\/strong>\u00a0L\u1eafp \u0111\u1eb7t \u0111\u01a1n gi\u1ea3n, kh\u00f4ng c\u1ea7n \u0111i d\u00e2y \u0111i\u1ec7n ph\u1ee9c t\u1ea1p.<\/li>\n<li data-sourcepos=\"11:1-11:87\"><strong>Nhi\u1ec1u ch\u1ebf \u0111\u1ed9 s\u00e1ng:<\/strong>\u00a0C\u00f3 nhi\u1ec1u ch\u1ebf \u0111\u1ed9 s\u00e1ng kh\u00e1c nhau, t\u1ea1o hi\u1ec7u \u1ee9ng \u00e1nh s\u00e1ng \u0111a d\u1ea1ng.<\/li>\n<li data-sourcepos=\"12:1-13:0\"><strong>\u1ee8ng d\u1ee5ng r\u1ed9ng r\u00e3i:<\/strong>\u00a0S\u1eed d\u1ee5ng \u0111\u1ec3 trang tr\u00ed nh\u00e0 c\u1eeda, s\u00e2n v\u01b0\u1eddn, qu\u00e1n cafe, nh\u00e0 h\u00e0ng,&#8230;<\/li>\n<\/ul>\n<p><img fetchpriority=\"high\" decoding=\"async\" src=\"https:\/\/dmtsolar.com\/uploads\/102tech\/images\/den-san-vuon\/led_day\/ld05\/day-led-nang-luong-mat-troi-giot-nuoc-ld05.jpg\" alt=\"D\u00e2y LED n\u0103ng l\u01b0\u1ee3ng m\u1eb7t tr\u1eddi h\u00ecnh gi\u1ecdt n\u01b0\u1edbc LD05-1\" width=\"800\" height=\"800\" \/><\/p>\n<div class=\"d-block align-items-center justify-content-between\">\n<h2>Th\u00f4ng s\u1ed1 k\u1ef9 thu\u1eadt<\/h2>\n<\/div>\n<div class=\"d-block\">\n<table class=\"list-unstyled font-size-sm table table-bordered\" style=\"height: 384px;\" width=\"679\">\n<tbody>\n<tr>\n<td class=\"text-heading font-weight-medium\">M\u00e3 s\u1ea3n ph\u1ea9m<\/td>\n<td>LD05<\/td>\n<\/tr>\n<tr>\n<td class=\"text-heading font-weight-medium\">H\u00ecnh d\u1ea1ng LED<\/td>\n<td>Gi\u1ecdt n\u01b0\u1edbc<\/td>\n<\/tr>\n<tr>\n<td class=\"text-heading font-weight-medium\">Ma\u0300u sa\u0301ng<\/td>\n<td>Va\u0300ng\/RGB (Nhi\u00ea\u0300u ma\u0300u)<\/td>\n<\/tr>\n<tr>\n<td class=\"text-heading font-weight-medium\">Chi\u00ea\u0300u da\u0300i d\u00e2y LED<\/td>\n<td>12m<\/td>\n<\/tr>\n<tr>\n<td class=\"text-heading font-weight-medium\">S\u00f4\u0301 LED<\/td>\n<td>100 b\u00f3ng<\/td>\n<\/tr>\n<tr>\n<td class=\"text-heading font-weight-medium\">Khoa\u0309ng ca\u0301ch ca\u0301c LED<\/td>\n<td>10 cm<\/td>\n<\/tr>\n<tr>\n<td class=\"text-heading font-weight-medium\">Ki\u0301ch th\u01b0\u01a1\u0301c t\u00e2\u0301m n\u0103ng l\u01b0\u01a1\u0323ng<\/td>\n<td>68*68mm<\/td>\n<\/tr>\n<tr>\n<td class=\"text-heading font-weight-medium\">Pin l\u01b0u tr\u1eef<\/td>\n<td>5Ah<\/td>\n<\/tr>\n<tr>\n<td class=\"text-heading font-weight-medium\">Th\u1eddi gian s\u1ea1c<\/td>\n<td>4-6 gi\u1edd<\/td>\n<\/tr>\n<tr>\n<td class=\"text-heading font-weight-medium\">Th\u1eddi gian s\u00e1ng<\/td>\n<td>6-10 gi\u1edd<\/td>\n<\/tr>\n<tr>\n<td class=\"text-heading font-weight-medium\">C\u00e2\u0301p \u0111\u00f4\u0323 ba\u0309o v\u00ea\u0323<\/td>\n<td>IP65<\/td>\n<\/tr>\n<tr>\n<td class=\"text-heading font-weight-medium\">Loa\u0323i \u0111i\u00ea\u0300u khi\u00ea\u0309n<\/td>\n<td>C\u00f4ng t\u1eafc<\/td>\n<\/tr>\n<tr>\n<td class=\"text-heading font-weight-medium\">B\u1ea3o h\u00e0nh<\/td>\n<td>3 th\u00e1ng<\/td>\n<\/tr>\n<\/tbody>\n<\/table>\n<\/div>\n<p data-sourcepos=\"25:1-25:243\"><strong>D\u00e2y LED n\u0103ng l\u01b0\u1ee3ng m\u1eb7t tr\u1eddi h\u00ecnh gi\u1ecdt n\u01b0\u1edbc LD05<\/strong> l\u00e0 l\u1ef1a ch\u1ecdn ho\u00e0n h\u1ea3o \u0111\u1ec3 trang tr\u00ed cho kh\u00f4ng gian th\u00eam lung linh v\u00e0 huy\u1ec1n \u1ea3o. S\u1ea3n ph\u1ea9m s\u1eed d\u1ee5ng n\u0103ng l\u01b0\u1ee3ng m\u1eb7t tr\u1eddi th\u00e2n thi\u1ec7n v\u1edbi m\u00f4i tr\u01b0\u1eddng, gi\u00fap b\u1ea1n ti\u1ebft ki\u1ec7m \u0111i\u1ec7n n\u0103ng v\u00e0 b\u1ea3o v\u1ec7 m\u00f4i tr\u01b0\u1eddng.<\/p>\n<div class=\"d-block align-items-center justify-content-between\"><\/div>\n<p><img decoding=\"async\" src=\"https:\/\/dmtsolar.com\/uploads\/102tech\/images\/den-san-vuon\/led_day\/ld05\/day-led-nang-luong-mat-troi-giot-nuoc-ld05-2.jpg\" alt=\"D\u00e2y LED n\u0103ng l\u01b0\u1ee3ng m\u1eb7t tr\u1eddi h\u00ecnh gi\u1ecdt n\u01b0\u1edbc nhi\u1ec1u m\u00e0u\" width=\"800\" height=\"800\" \/><\/p>\n<p><img decoding=\"async\" src=\"https:\/\/dmtsolar.com\/uploads\/102tech\/images\/den-san-vuon\/led_day\/ld05\/day-led-nang-luong-mat-troi-giot-nuoc-ld05-3.jpg\" alt=\"D\u00e2y LED n\u0103ng l\u01b0\u1ee3ng m\u1eb7t tr\u1eddi h\u00ecnh gi\u1ecdt n\u01b0\u1edbc m\u00e0u v\u00e0ng\" width=\"800\" height=\"799\" \/><\/p>\n<p>\u0110\u00e8n nh\u00e1y h\u00ecnh gi\u1ecdt n\u01b0\u1edbc n\u0103ng l\u01b0\u1ee3ng m\u1eb7t tr\u1eddi<\/p>\n<p><img loading=\"lazy\" decoding=\"async\" class=\"alignnone size-large wp-image-5898\" src=\"https:\/\/phukienmattroi.com\/wp-content\/uploads\/2024\/04\/Day-LED-nang-luong-mat-troi-hinh-giot-nuoc1-1024x1024.jpg\" alt=\"\" width=\"1024\" height=\"1024\" srcset=\"https:\/\/phukienmattroi.com\/wp-content\/uploads\/2024\/04\/Day-LED-nang-luong-mat-troi-hinh-giot-nuoc1-1024x1024.jpg 1024w, https:\/\/phukienmattroi.com\/wp-content\/uploads\/2024\/04\/Day-LED-nang-luong-mat-troi-hinh-giot-nuoc1-300x300.jpg 300w, https:\/\/phukienmattroi.com\/wp-content\/uploads\/2024\/04\/Day-LED-nang-luong-mat-troi-hinh-giot-nuoc1-150x150.jpg 150w, https:\/\/phukienmattroi.com\/wp-content\/uploads\/2024\/04\/Day-LED-nang-luong-mat-troi-hinh-giot-nuoc1-768x768.jpg 768w, https:\/\/phukienmattroi.com\/wp-content\/uploads\/2024\/04\/Day-LED-nang-luong-mat-troi-hinh-giot-nuoc1-600x600.jpg 600w, https:\/\/phukienmattroi.com\/wp-content\/uploads\/2024\/04\/Day-LED-nang-luong-mat-troi-hinh-giot-nuoc1-100x100.jpg 100w, https:\/\/phukienmattroi.com\/wp-content\/uploads\/2024\/04\/Day-LED-nang-luong-mat-troi-hinh-giot-nuoc1.jpg 1200w\" sizes=\"(max-width: 1024px) 100vw, 1024px\" \/><\/p>\n<h2><b>Ch\u00ednh s\u00e1ch b\u00e1n h\u00e0ng v\u00e0 h\u1eadu m\u00e3i t\u1ed1t<\/b><\/h2>\n<p><span style=\"font-weight: 400;\">V\u1edbi ch\u00ednh s\u00e1ch b\u00e1n h\u00e0ng v\u00e0 b\u1ea3o h\u00e0nh c\u1ee7a <\/span><a href=\"https:\/\/phukienmattroi.com\/\"><span style=\"font-weight: 400;\">Ph\u1ee5 Ki\u1ec7n M\u1eb7t Tr\u1eddi<\/span><\/a> <span style=\"font-weight: 400;\">b\u1ea1n c\u00f3 th\u1ec3 ho\u00e0n to\u00e0n y\u00ean t\u00e2m v\u1ec1 nh\u1eefng v\u1ea5n \u0111\u1ec1 v\u1ec1 ch\u1ea5t l\u01b0\u1ee3ng v\u00e0 b\u1ea3o h\u00e0nh c\u1ee7a s\u1ea3n ph\u1ea9m.<\/span><\/p>\n<ul>\n<li style=\"font-weight: 400;\" aria-level=\"1\"><span style=\"font-weight: 400;\">1 \u0111\u1ed5i 1<\/span><span style=\"font-weight: 400;\"> trong 30 ng\u00e0y \u0111\u1ea7u ti\u00ean n\u1ebfu l\u1ed7i nh\u00e0 s\u1ea3n xu\u1ea5t ho\u1eb7c \u0111\u00e8n kh\u00f4ng \u0111\u00fang nh\u01b0 cam k\u1ebft. Ch\u1ebf \u0111\u1ed9 b\u1ea3o h\u00e0nh uy t\u00edn theo t\u1eebng s\u1ea3n ph\u1ea9m. Y\u00ean t\u00e2m tuy\u1ec7t \u0111\u1ed1i khi mua h\u00e0ng. (Kh\u00f4ng \u00e1p d\u1ee5ng v\u1edbi m\u1ed9t s\u1ed1 m\u1eabu \u0111\u00e8n n\u0103ng l\u01b0\u1ee3ng m\u1eb7t tr\u1eddi cao c\u1ea5p)<\/span><\/li>\n<li style=\"font-weight: 400;\" aria-level=\"1\"><span style=\"font-weight: 400;\">Th\u1eddi gian b\u1ea3o h\u00e0nh l\u00ean \u0111\u1ebfn <\/span><span style=\"font-weight: 400;\">36 th\u00e1ng<\/span><span style=\"font-weight: 400;\"> (tu\u1ef3 s\u1ea3n ph\u1ea9m, tham kh\u1ea3o chi ti\u1ebft t\u1ea1i m\u1ee5c th\u00f4ng s\u1ed1 c\u1ee7a \u0111\u00e8n)<\/span><\/li>\n<li style=\"font-weight: 400;\" aria-level=\"1\"><span style=\"font-weight: 400;\">\u0110\u1eb7t h\u00e0ng v\u00e0 thanh to\u00e1n t\u1ea1i nh\u00e0 b\u1eb1ng h\u00ecnh th\u1ee9c COD th\u00f4ng qua c\u00e1c \u0111\u01a1n v\u1ecb v\u1eadn chuy\u1ec3n uy t\u00edn.<\/span><\/li>\n<li style=\"font-weight: 400;\" aria-level=\"1\"><span style=\"font-weight: 400;\">Mi\u1ec5n ph\u00ed v\u1eadn chuy\u1ec3n <\/span><span style=\"font-weight: 400;\">cho \u0111\u01a1n h\u00e0ng t\u1eeb m\u1ed9t tri\u1ec7u (1.000.000vn\u0111)<\/span><\/li>\n<li style=\"font-weight: 400;\" aria-level=\"1\"><span style=\"font-weight: 400;\">Gi\u1ea3m gi\u00e1 <\/span><span style=\"font-weight: 400;\">5 &#8211; 10%<\/span><span style=\"font-weight: 400;\"> cho \u0111\u01a1n h\u00e0ng ti\u1ebfp theo t\u1ea1i Ph\u1ee5 Ki\u1ec7n M\u1eb7t Tr\u1eddi.<\/span><\/li>\n<li style=\"font-weight: 400;\" aria-level=\"1\"><span style=\"font-weight: 400;\">S\u1ea3n ph\u1ea9m cung c\u1ea5p lu\u00f4n \u0111\u00fang th\u00f4ng s\u1ed1, \u0111\u00fang ch\u1ea5t l\u01b0\u1ee3ng v\u00e0 \u0111\u00fang gi\u00e1.<\/span><\/li>\n<li style=\"font-weight: 400;\" aria-level=\"1\"><span style=\"font-weight: 400;\">Gi\u1ea3m ngay <\/span><span style=\"font-weight: 400;\">50.000\u0111<\/span><span style=\"font-weight: 400;\"> khi mua h\u00e0ng tr\u1ef1c ti\u1ebfp t\u1ea1i Ph\u1ee5 Ki\u1ec7n M\u1eb7t Tr\u1eddi.<\/span><\/li>\n<\/ul>\n<p><b>Li\u00ean h\u1ec7 ngay v\u1edbi Ph\u1ee5 ki\u1ec7n M\u1eb7t Tr\u1eddi \u0111\u1ec3 \u0111\u01b0\u1ee3c t\u01b0 v\u1ea5n v\u00e0 nh\u1eadn \u01b0u \u0111\u00e3i:<\/b><\/p>\n<p><strong>H\u00e3y s\u1edf h\u1eefu ngay D\u00e2y LED n\u0103ng l\u01b0\u1ee3ng m\u1eb7t tr\u1eddi h\u00ecnh gi\u1ecdt n\u01b0\u1edbc LD05 \u0111\u1ec3 t\u00f4 \u0111i\u1ec3m cho kh\u00f4ng gian c\u1ee7a b\u1ea1n th\u00eam \u1ea5n t\u01b0\u1ee3ng!<\/strong><\/p>\n<p data-sourcepos=\"29:1-29:94\"><strong>#D\u00e2y_LED_n\u0103ng_l\u01b0\u1ee3ng_m\u1eb7t_tr\u1eddi #D\u00e2y_LED_h\u00ecnh_gi\u1ecdt_n\u01b0\u1edbc #LD05 #Trang_tr\u00ed #Lung_linh #Huy\u1ec1n_\u1ea3o<\/strong><\/p>\n<p><b>Hotline: <\/b><a href=\"tel:0933007927\"><b>0933007927<\/b><\/a><b> &#8211; <\/b><a href=\"tel:0974046214\"><b>0974046214<\/b><\/a><\/p>\n<p><b>Website: <\/b><a href=\"https:\/\/phukienmattroi.com\/\"><b>https:\/\/phukienmattroi.com\/<\/b><\/a><\/p>\n<p><b>Lazada: <\/b><a href=\"https:\/\/www.lazada.vn\/shop\/phukienmattroi\"><b>https:\/\/www.lazada.vn\/shop\/phukienmattroi<\/b><\/a><\/p>\n<p><b>Shopee:<\/b><a href=\"https:\/\/shopee.vn\/shop\/137407434\"> <b>https:\/\/shopee.vn\/shop\/137407434<\/b><\/a><\/p>\n<p data-sourcepos=\"31:1-31:58\"><b>Facebook: <\/b><a href=\"https:\/\/www.facebook.com\/phukienmattroisolar\"><b>https:\/\/www.facebook.com\/phukienmattroisolar<\/b><\/a><\/p>\n","protected":false},"excerpt":{"rendered":"<p>D\u00e2y LED n\u0103ng l\u01b0\u1ee3ng m\u1eb7t tr\u1eddi h\u00ecnh gi\u1ecdt n\u01b0\u1edbc LD05 &#8211; Mang \u0111\u1ebfn v\u1ebb \u0111\u1eb9p lung linh cho kh\u00f4ng gian c\u1ee7a b\u1ea1n! D\u00e2y LED n\u0103ng l\u01b0\u1ee3ng m\u1eb7t tr\u1eddi h\u00ecnh gi\u1ecdt<\/p>\n","protected":false},"featured_media":5899,"comment_status":"open","ping_status":"closed","template":"","meta":[],"product_brand":[],"product_cat":[86],"product_tag":[],"class_list":{"0":"post-5897","1":"product","2":"type-product","3":"status-publish","4":"has-post-thumbnail","6":"product_cat-den-trang-tri","8":"first","9":"instock","10":"sale","11":"taxable","12":"shipping-taxable","13":"purchasable","14":"product-type-simple"},"yoast_head":"<!-- This site is optimized with the Yoast SEO Premium plugin v22.6 (Yoast SEO v27.3) - https:\/\/yoast.com\/product\/yoast-seo-premium-wordpress\/ -->\n<title>D\u00e2y LED n\u0103ng l\u01b0\u1ee3ng m\u1eb7t tr\u1eddi h\u00ecnh gi\u1ecdt n\u01b0\u1edbc<\/title>\n<meta name=\"description\" content=\"D\u00e2y LED n\u0103ng l\u01b0\u1ee3ng m\u1eb7t tr\u1eddi h\u00ecnh gi\u1ecdt n\u01b0\u1edbc LD05 l\u00e0 s\u1ea3n ph\u1ea9m trang tr\u00ed \u0111\u1ed9c \u0111\u00e1o. S\u1eed d\u1ee5ng n\u0103ng l\u01b0\u1ee3ng m\u1eb7t tr\u1eddi th\u00e2n thi\u1ec7n v\u1edbi m\u00f4i tr\u01b0\u1eddng, gi\u00fap b\u1ea1n t\u00f4 \u0111i\u1ec3m cho\" \/>\n<meta name=\"robots\" content=\"index, follow, max-snippet:-1, max-image-preview:large, max-video-preview:-1\" \/>\n<link rel=\"canonical\" href=\"https:\/\/phukienmattroi.com\/index.php\/product\/day-led-nang-luong-mat-troi-hinh-giot-nuoc-ld05\/\" \/>\n<meta property=\"og:locale\" content=\"vi_VN\" \/>\n<meta property=\"og:type\" content=\"article\" \/>\n<meta property=\"og:title\" content=\"D\u00e2y LED n\u0103ng l\u01b0\u1ee3ng m\u1eb7t tr\u1eddi h\u00ecnh gi\u1ecdt n\u01b0\u1edbc LD05\" \/>\n<meta property=\"og:description\" content=\"D\u00e2y LED n\u0103ng l\u01b0\u1ee3ng m\u1eb7t tr\u1eddi h\u00ecnh gi\u1ecdt n\u01b0\u1edbc LD05 l\u00e0 s\u1ea3n ph\u1ea9m trang tr\u00ed \u0111\u1ed9c \u0111\u00e1o. S\u1eed d\u1ee5ng n\u0103ng l\u01b0\u1ee3ng m\u1eb7t tr\u1eddi th\u00e2n thi\u1ec7n v\u1edbi m\u00f4i tr\u01b0\u1eddng, gi\u00fap b\u1ea1n t\u00f4 \u0111i\u1ec3m cho\" \/>\n<meta property=\"og:url\" content=\"https:\/\/phukienmattroi.com\/index.php\/product\/day-led-nang-luong-mat-troi-hinh-giot-nuoc-ld05\/\" \/>\n<meta property=\"og:site_name\" content=\"Ph\u1ee5 Ki\u1ec7n M\u1eb7t Tr\u1eddi\" \/>\n<meta property=\"article:publisher\" content=\"https:\/\/www.facebook.com\/phukienmattroisolar\" \/>\n<meta property=\"article:modified_time\" content=\"2024-04-02T16:11:26+00:00\" \/>\n<meta property=\"og:image\" content=\"https:\/\/phukienmattroi.com\/wp-content\/uploads\/2024\/04\/day-led-nang-luong-mat-troi-giot-nuoc-ld05.jpg\" \/>\n\t<meta property=\"og:image:width\" content=\"600\" \/>\n\t<meta property=\"og:image:height\" content=\"600\" \/>\n\t<meta property=\"og:image:type\" content=\"image\/jpeg\" \/>\n<meta name=\"twitter:card\" content=\"summary_large_image\" \/>\n<meta name=\"twitter:label1\" content=\"Gi\u00e1\" \/>\n\t<meta name=\"twitter:data1\" content=\"380.000&nbsp;&#8363;\" \/>\n\t<meta name=\"twitter:label2\" content=\"Kh\u1ea3 d\u1ee5ng\" \/>\n\t<meta name=\"twitter:data2\" content=\"Trong kho\" \/>\n<script type=\"application\/ld+json\" class=\"yoast-schema-graph\">{\"@context\":\"https:\\\/\\\/schema.org\",\"@graph\":[{\"@type\":\"WebPage\",\"@id\":\"https:\\\/\\\/phukienmattroi.com\\\/index.php\\\/product\\\/day-led-nang-luong-mat-troi-hinh-giot-nuoc-ld05\\\/\",\"url\":\"https:\\\/\\\/phukienmattroi.com\\\/index.php\\\/product\\\/day-led-nang-luong-mat-troi-hinh-giot-nuoc-ld05\\\/\",\"name\":\"D\u00e2y LED n\u0103ng l\u01b0\u1ee3ng m\u1eb7t tr\u1eddi h\u00ecnh gi\u1ecdt n\u01b0\u1edbc\",\"isPartOf\":{\"@id\":\"https:\\\/\\\/phukienmattroi.com\\\/#website\"},\"primaryImageOfPage\":{\"@id\":\"https:\\\/\\\/phukienmattroi.com\\\/index.php\\\/product\\\/day-led-nang-luong-mat-troi-hinh-giot-nuoc-ld05\\\/#primaryimage\"},\"image\":{\"@id\":\"https:\\\/\\\/phukienmattroi.com\\\/index.php\\\/product\\\/day-led-nang-luong-mat-troi-hinh-giot-nuoc-ld05\\\/#primaryimage\"},\"thumbnailUrl\":\"https:\\\/\\\/phukienmattroi.com\\\/wp-content\\\/uploads\\\/2024\\\/04\\\/day-led-nang-luong-mat-troi-giot-nuoc-ld05.jpg\",\"datePublished\":\"2024-04-02T15:22:13+00:00\",\"dateModified\":\"2024-04-02T16:11:26+00:00\",\"description\":\"D\u00e2y LED n\u0103ng l\u01b0\u1ee3ng m\u1eb7t tr\u1eddi h\u00ecnh gi\u1ecdt n\u01b0\u1edbc LD05 l\u00e0 s\u1ea3n ph\u1ea9m trang tr\u00ed \u0111\u1ed9c \u0111\u00e1o. S\u1eed d\u1ee5ng n\u0103ng l\u01b0\u1ee3ng m\u1eb7t tr\u1eddi th\u00e2n thi\u1ec7n v\u1edbi m\u00f4i tr\u01b0\u1eddng, gi\u00fap b\u1ea1n t\u00f4 \u0111i\u1ec3m cho\",\"breadcrumb\":{\"@id\":\"https:\\\/\\\/phukienmattroi.com\\\/index.php\\\/product\\\/day-led-nang-luong-mat-troi-hinh-giot-nuoc-ld05\\\/#breadcrumb\"},\"inLanguage\":\"vi\",\"potentialAction\":[{\"@type\":\"ReadAction\",\"target\":[\"https:\\\/\\\/phukienmattroi.com\\\/index.php\\\/product\\\/day-led-nang-luong-mat-troi-hinh-giot-nuoc-ld05\\\/\"]}]},{\"@type\":\"ImageObject\",\"inLanguage\":\"vi\",\"@id\":\"https:\\\/\\\/phukienmattroi.com\\\/index.php\\\/product\\\/day-led-nang-luong-mat-troi-hinh-giot-nuoc-ld05\\\/#primaryimage\",\"url\":\"https:\\\/\\\/phukienmattroi.com\\\/wp-content\\\/uploads\\\/2024\\\/04\\\/day-led-nang-luong-mat-troi-giot-nuoc-ld05.jpg\",\"contentUrl\":\"https:\\\/\\\/phukienmattroi.com\\\/wp-content\\\/uploads\\\/2024\\\/04\\\/day-led-nang-luong-mat-troi-giot-nuoc-ld05.jpg\",\"width\":600,\"height\":600,\"caption\":\"D\u00e2y led n\u0103ng l\u01b0\u1ee3ng m\u1eb7t tr\u1eddi gi\u1ecdt n\u01b0\u1edbc LD05\"},{\"@type\":\"BreadcrumbList\",\"@id\":\"https:\\\/\\\/phukienmattroi.com\\\/index.php\\\/product\\\/day-led-nang-luong-mat-troi-hinh-giot-nuoc-ld05\\\/#breadcrumb\",\"itemListElement\":[{\"@type\":\"ListItem\",\"position\":1,\"name\":\"Trang ch\u1ee7\",\"item\":\"https:\\\/\\\/phukienmattroi.com\\\/\"},{\"@type\":\"ListItem\",\"position\":2,\"name\":\"S\u1ea3n ph\u1ea9m\",\"item\":\"https:\\\/\\\/phukienmattroi.com\\\/index.php\\\/shop\\\/\"},{\"@type\":\"ListItem\",\"position\":3,\"name\":\"D\u00e2y LED n\u0103ng l\u01b0\u1ee3ng m\u1eb7t tr\u1eddi h\u00ecnh gi\u1ecdt n\u01b0\u1edbc LD05\"}]},{\"@type\":\"WebSite\",\"@id\":\"https:\\\/\\\/phukienmattroi.com\\\/#website\",\"url\":\"https:\\\/\\\/phukienmattroi.com\\\/\",\"name\":\"Ph\u1ee5 Ki\u1ec7n M\u1eb7t Tr\u1eddi\",\"description\":\"Ph\u1ee5 Ki\u1ec7n M\u1eb7t Tr\u1eddi\",\"publisher\":{\"@id\":\"https:\\\/\\\/phukienmattroi.com\\\/#organization\"},\"potentialAction\":[{\"@type\":\"SearchAction\",\"target\":{\"@type\":\"EntryPoint\",\"urlTemplate\":\"https:\\\/\\\/phukienmattroi.com\\\/?s={search_term_string}\"},\"query-input\":{\"@type\":\"PropertyValueSpecification\",\"valueRequired\":true,\"valueName\":\"search_term_string\"}}],\"inLanguage\":\"vi\"},{\"@type\":\"Organization\",\"@id\":\"https:\\\/\\\/phukienmattroi.com\\\/#organization\",\"name\":\"Ph\u1ee5 Ki\u1ec7n M\u1eb7t Tr\u1eddi\",\"url\":\"https:\\\/\\\/phukienmattroi.com\\\/\",\"logo\":{\"@type\":\"ImageObject\",\"inLanguage\":\"vi\",\"@id\":\"https:\\\/\\\/phukienmattroi.com\\\/#\\\/schema\\\/logo\\\/image\\\/\",\"url\":\"https:\\\/\\\/phukienmattroi.com\\\/wp-content\\\/uploads\\\/2024\\\/03\\\/TBMT-logo3-1.png\",\"contentUrl\":\"https:\\\/\\\/phukienmattroi.com\\\/wp-content\\\/uploads\\\/2024\\\/03\\\/TBMT-logo3-1.png\",\"width\":3946,\"height\":1403,\"caption\":\"Ph\u1ee5 Ki\u1ec7n M\u1eb7t Tr\u1eddi\"},\"image\":{\"@id\":\"https:\\\/\\\/phukienmattroi.com\\\/#\\\/schema\\\/logo\\\/image\\\/\"},\"sameAs\":[\"https:\\\/\\\/www.facebook.com\\\/phukienmattroisolar\"]}]}<\/script>\n<meta property=\"product:price:amount\" content=\"380000\" \/>\n<meta property=\"product:price:currency\" content=\"VND\" \/>\n<meta property=\"og:availability\" content=\"instock\" \/>\n<meta property=\"product:availability\" content=\"instock\" \/>\n<meta property=\"product:retailer_item_id\" content=\"LD05\" \/>\n<meta property=\"product:condition\" content=\"new\" \/>\n<!-- \/ Yoast SEO Premium plugin. -->","yoast_head_json":{"title":"D\u00e2y LED n\u0103ng l\u01b0\u1ee3ng m\u1eb7t tr\u1eddi h\u00ecnh gi\u1ecdt n\u01b0\u1edbc","description":"D\u00e2y LED n\u0103ng l\u01b0\u1ee3ng m\u1eb7t tr\u1eddi h\u00ecnh gi\u1ecdt n\u01b0\u1edbc LD05 l\u00e0 s\u1ea3n ph\u1ea9m trang tr\u00ed \u0111\u1ed9c \u0111\u00e1o. S\u1eed d\u1ee5ng n\u0103ng l\u01b0\u1ee3ng m\u1eb7t tr\u1eddi th\u00e2n thi\u1ec7n v\u1edbi m\u00f4i tr\u01b0\u1eddng, gi\u00fap b\u1ea1n t\u00f4 \u0111i\u1ec3m cho","robots":{"index":"index","follow":"follow","max-snippet":"max-snippet:-1","max-image-preview":"max-image-preview:large","max-video-preview":"max-video-preview:-1"},"canonical":"https:\/\/phukienmattroi.com\/index.php\/product\/day-led-nang-luong-mat-troi-hinh-giot-nuoc-ld05\/","og_locale":"vi_VN","og_type":"article","og_title":"D\u00e2y LED n\u0103ng l\u01b0\u1ee3ng m\u1eb7t tr\u1eddi h\u00ecnh gi\u1ecdt n\u01b0\u1edbc LD05","og_description":"D\u00e2y LED n\u0103ng l\u01b0\u1ee3ng m\u1eb7t tr\u1eddi h\u00ecnh gi\u1ecdt n\u01b0\u1edbc LD05 l\u00e0 s\u1ea3n ph\u1ea9m trang tr\u00ed \u0111\u1ed9c \u0111\u00e1o. S\u1eed d\u1ee5ng n\u0103ng l\u01b0\u1ee3ng m\u1eb7t tr\u1eddi th\u00e2n thi\u1ec7n v\u1edbi m\u00f4i tr\u01b0\u1eddng, gi\u00fap b\u1ea1n t\u00f4 \u0111i\u1ec3m cho","og_url":"https:\/\/phukienmattroi.com\/index.php\/product\/day-led-nang-luong-mat-troi-hinh-giot-nuoc-ld05\/","og_site_name":"Ph\u1ee5 Ki\u1ec7n M\u1eb7t Tr\u1eddi","article_publisher":"https:\/\/www.facebook.com\/phukienmattroisolar","article_modified_time":"2024-04-02T16:11:26+00:00","og_image":[{"width":600,"height":600,"url":"https:\/\/phukienmattroi.com\/wp-content\/uploads\/2024\/04\/day-led-nang-luong-mat-troi-giot-nuoc-ld05.jpg","type":"image\/jpeg"}],"twitter_card":"summary_large_image","twitter_misc":{"Gi\u00e1":"380.000&nbsp;&#8363;","Kh\u1ea3 d\u1ee5ng":"Trong kho"},"schema":{"@context":"https:\/\/schema.org","@graph":[{"@type":"WebPage","@id":"https:\/\/phukienmattroi.com\/index.php\/product\/day-led-nang-luong-mat-troi-hinh-giot-nuoc-ld05\/","url":"https:\/\/phukienmattroi.com\/index.php\/product\/day-led-nang-luong-mat-troi-hinh-giot-nuoc-ld05\/","name":"D\u00e2y LED n\u0103ng l\u01b0\u1ee3ng m\u1eb7t tr\u1eddi h\u00ecnh gi\u1ecdt n\u01b0\u1edbc","isPartOf":{"@id":"https:\/\/phukienmattroi.com\/#website"},"primaryImageOfPage":{"@id":"https:\/\/phukienmattroi.com\/index.php\/product\/day-led-nang-luong-mat-troi-hinh-giot-nuoc-ld05\/#primaryimage"},"image":{"@id":"https:\/\/phukienmattroi.com\/index.php\/product\/day-led-nang-luong-mat-troi-hinh-giot-nuoc-ld05\/#primaryimage"},"thumbnailUrl":"https:\/\/phukienmattroi.com\/wp-content\/uploads\/2024\/04\/day-led-nang-luong-mat-troi-giot-nuoc-ld05.jpg","datePublished":"2024-04-02T15:22:13+00:00","dateModified":"2024-04-02T16:11:26+00:00","description":"D\u00e2y LED n\u0103ng l\u01b0\u1ee3ng m\u1eb7t tr\u1eddi h\u00ecnh gi\u1ecdt n\u01b0\u1edbc LD05 l\u00e0 s\u1ea3n ph\u1ea9m trang tr\u00ed \u0111\u1ed9c \u0111\u00e1o. S\u1eed d\u1ee5ng n\u0103ng l\u01b0\u1ee3ng m\u1eb7t tr\u1eddi th\u00e2n thi\u1ec7n v\u1edbi m\u00f4i tr\u01b0\u1eddng, gi\u00fap b\u1ea1n t\u00f4 \u0111i\u1ec3m cho","breadcrumb":{"@id":"https:\/\/phukienmattroi.com\/index.php\/product\/day-led-nang-luong-mat-troi-hinh-giot-nuoc-ld05\/#breadcrumb"},"inLanguage":"vi","potentialAction":[{"@type":"ReadAction","target":["https:\/\/phukienmattroi.com\/index.php\/product\/day-led-nang-luong-mat-troi-hinh-giot-nuoc-ld05\/"]}]},{"@type":"ImageObject","inLanguage":"vi","@id":"https:\/\/phukienmattroi.com\/index.php\/product\/day-led-nang-luong-mat-troi-hinh-giot-nuoc-ld05\/#primaryimage","url":"https:\/\/phukienmattroi.com\/wp-content\/uploads\/2024\/04\/day-led-nang-luong-mat-troi-giot-nuoc-ld05.jpg","contentUrl":"https:\/\/phukienmattroi.com\/wp-content\/uploads\/2024\/04\/day-led-nang-luong-mat-troi-giot-nuoc-ld05.jpg","width":600,"height":600,"caption":"D\u00e2y led n\u0103ng l\u01b0\u1ee3ng m\u1eb7t tr\u1eddi gi\u1ecdt n\u01b0\u1edbc LD05"},{"@type":"BreadcrumbList","@id":"https:\/\/phukienmattroi.com\/index.php\/product\/day-led-nang-luong-mat-troi-hinh-giot-nuoc-ld05\/#breadcrumb","itemListElement":[{"@type":"ListItem","position":1,"name":"Trang ch\u1ee7","item":"https:\/\/phukienmattroi.com\/"},{"@type":"ListItem","position":2,"name":"S\u1ea3n ph\u1ea9m","item":"https:\/\/phukienmattroi.com\/index.php\/shop\/"},{"@type":"ListItem","position":3,"name":"D\u00e2y LED n\u0103ng l\u01b0\u1ee3ng m\u1eb7t tr\u1eddi h\u00ecnh gi\u1ecdt n\u01b0\u1edbc LD05"}]},{"@type":"WebSite","@id":"https:\/\/phukienmattroi.com\/#website","url":"https:\/\/phukienmattroi.com\/","name":"Ph\u1ee5 Ki\u1ec7n M\u1eb7t Tr\u1eddi","description":"Ph\u1ee5 Ki\u1ec7n M\u1eb7t Tr\u1eddi","publisher":{"@id":"https:\/\/phukienmattroi.com\/#organization"},"potentialAction":[{"@type":"SearchAction","target":{"@type":"EntryPoint","urlTemplate":"https:\/\/phukienmattroi.com\/?s={search_term_string}"},"query-input":{"@type":"PropertyValueSpecification","valueRequired":true,"valueName":"search_term_string"}}],"inLanguage":"vi"},{"@type":"Organization","@id":"https:\/\/phukienmattroi.com\/#organization","name":"Ph\u1ee5 Ki\u1ec7n M\u1eb7t Tr\u1eddi","url":"https:\/\/phukienmattroi.com\/","logo":{"@type":"ImageObject","inLanguage":"vi","@id":"https:\/\/phukienmattroi.com\/#\/schema\/logo\/image\/","url":"https:\/\/phukienmattroi.com\/wp-content\/uploads\/2024\/03\/TBMT-logo3-1.png","contentUrl":"https:\/\/phukienmattroi.com\/wp-content\/uploads\/2024\/03\/TBMT-logo3-1.png","width":3946,"height":1403,"caption":"Ph\u1ee5 Ki\u1ec7n M\u1eb7t Tr\u1eddi"},"image":{"@id":"https:\/\/phukienmattroi.com\/#\/schema\/logo\/image\/"},"sameAs":["https:\/\/www.facebook.com\/phukienmattroisolar"]}]},"product_price_amount":"380000","product_price_currency":"VND","og_availability":"instock","product_availability":"instock","product_retailer_item_id":"LD05","product_condition":"new"},"jetpack_sharing_enabled":true,"_links":{"self":[{"href":"https:\/\/phukienmattroi.com\/index.php\/wp-json\/wp\/v2\/product\/5897","targetHints":{"allow":["GET"]}}],"collection":[{"href":"https:\/\/phukienmattroi.com\/index.php\/wp-json\/wp\/v2\/product"}],"about":[{"href":"https:\/\/phukienmattroi.com\/index.php\/wp-json\/wp\/v2\/types\/product"}],"replies":[{"embeddable":true,"href":"https:\/\/phukienmattroi.com\/index.php\/wp-json\/wp\/v2\/comments?post=5897"}],"wp:featuredmedia":[{"embeddable":true,"href":"https:\/\/phukienmattroi.com\/index.php\/wp-json\/wp\/v2\/media\/5899"}],"wp:attachment":[{"href":"https:\/\/phukienmattroi.com\/index.php\/wp-json\/wp\/v2\/media?parent=5897"}],"wp:term":[{"taxonomy":"product_brand","embeddable":true,"href":"https:\/\/phukienmattroi.com\/index.php\/wp-json\/wp\/v2\/product_brand?post=5897"},{"taxonomy":"product_cat","embeddable":true,"href":"https:\/\/phukienmattroi.com\/index.php\/wp-json\/wp\/v2\/product_cat?post=5897"},{"taxonomy":"product_tag","embeddable":true,"href":"https:\/\/phukienmattroi.com\/index.php\/wp-json\/wp\/v2\/product_tag?post=5897"}],"curies":[{"name":"wp","href":"https:\/\/api.w.org\/{rel}","templated":true}]}}